d m?
6
Let h(x) = x**2 - 5 + x + 0*x**2 - 3*x. Let d be h(5). Let m be 69/(-1 + 2) - -1. What is the greatest common factor of m and d?
10
Suppose 3*z - 281 = -137. Calculate the highest common factor of z and 12.
12
Suppose 11 = -5*q - 9. Let d = 15 + q. What is the highest common divisor of 11 and d?
11
Suppose -2*u + 6 = 3*t, -4*u - 6 - 14 = -2*t. Suppose -q + t*q = 39. Suppose -17 = -y + q. What is the highest common factor of y and 6?
6
Let q be (-120)/(-42)*(-14)/(-4). Suppose -g + 13 = -x, 3*g = -0*g + x + 33. What is the highest common divisor of q and g?
10
Let o(r) = -6*r**2 - 3*r + 3*r**3 - 8*r - 2*r**3 + 4*r + 10. Let v be o(7). Calculate the highest common divisor of v and 90.
10
Let r(h) = 216*h**3 - 2*h**2 + 2*h. Let o be r(1). Calculate the greatest common factor of o and 9.
9
Let o(y) = -y**2 - 9*y + 11. Let b = -1 - 7. Let t be o(b). Calculate the highest common divisor of 38 and t.
19
Suppose 53 - 3 = 5*f. Calculate the greatest common divisor of f and 50.
10
Let v = 78 - 51. Calculate the greatest common divisor of 3 and v.
3
Let y = -44 - -80. Let z be (-10)/(-3) + 8/12 + 5. Calculate the highest common divisor of y and z.
9
Suppose 5*y - 173 = -4*b, -3*b - y - 209 = -8*b. What is the highest common factor of 6 and b?
6
Let d be -264*(-4 + 2 + 1). Calculate the greatest common factor of d and 24.
24
Let l be ((-2)/(-8))/((-1)/(-20)). Suppose l*u - 108 = 2*s, -s + 4 = u + 3*s. What is the greatest common divisor of u and 10?
10
Suppose 5*k - 286 = 139. Calculate the highest common divisor of 34 and k.
17
Suppose -3 = -q + 4*q. Let s be (0 - q)*(-2)/(-1). Let i be s - (-1 + -5)*6. Calculate the greatest common divisor of 57 and i.
19
Let k(x) = x**3 + 12*x**2 + 12*x + 10. Let y be k(-10). What is the greatest common factor of y and 9?
9
Let l(f) = -8*f - 6. Let s be l(-5). Suppose s = n - 120. Let z(v) = -v + 8. Let k be z(-6). What is the greatest common factor of n and k?
14
Suppose 68 + 0 = 2*q. Calculate the highest common divisor of 51 and q.
17
Let f(a) = 7*a + 7. Let u be f(6). Let k = 643 + -636. What is the greatest common divisor of u and k?
7
Let y(s) = s**2 + 6*s - 9. Let q be y(-8). What is the greatest common factor of q and 35?
7
Suppose -4*q - 417 = -3*f - q, -5*f + 730 = 2*q. What is the greatest common factor of 96 and f?
48
Let j be 12/(-18) - 16/3. Let v be -1 - 2/(j/27). What is the highest common factor of v and 32?
8
Let c(p) be the second derivative of p**3/3 + 2*p**2 + 10*p. Let n be c(7). Calculate the highest common divisor of 2 and n.
2
Let f(y) = y**3 + 2*y**2 - 3*y + 1. Let u be f(-3). Let p = 3 - u. Let q = 7 + -5. Calculate the greatest common divisor of q and p.
2
Let k be (-1 + 8/3)*3. What is the highest common factor of k and 1?
1
Suppose 8 = -3*d - w, 0*w - 4 = -2*d - 3*w. Let i(c) = c + 6. Let g be i(0). Let j = d + g. What is the greatest common divisor of j and 22?
2
Let d be (0 - 27)/(-7 + 6). Let p be (0 + -1)/((-2)/18). Suppose -5*v + 4*y = -78, 3*y + p = 3*v - 36. What is the highest common divisor of v and d?
9
Let n be (-1)/2 + 124/8. Let l(o) = -o**2 - 11*o - 10. Let k be l(-10). Suppose k = 4*j + 23 - 83. What is the greatest common divisor of n and j?
15
Suppose 0 = 3*s - 17 - 28. Let t be 123/12 + 2/(-8). What is the highest common divisor of s and t?
5
Suppose -3*o + 5*v = o - 273, 15 = 5*v. Calculate the highest common factor of 9 and o.
9
Suppose 3*o + 5*y = -0*o + 112, 0 = 4*o + 5*y - 141. What is the highest common factor of o and 29?
29
Let o be ((-15)/12 + 0)/((-3)/84). What is the greatest common factor of 5 and o?
5
Suppose 2*n + 94 = -0*n. Let c = n - -67. Calculate the greatest common factor of c and 4.
4
Let d(n) = -n**3 - 16*n**2 - 16*n - 16. Let v be d(-15). Let i(q) = -5*q. Let r be i(v). Calculate the greatest common divisor of r and 10.
5
Suppose -3 = 3*u + 3*o, 0 = -3*o - 0*o. Let g(c) = 13*c - 48*c - 2 + 2 + 1. Let m be g(u). Calculate the highest common factor of m and 12.
12
Let c = 3 - 1. Suppose 3*q - 13 = -5*b + 1, c*b = -q + 3. Suppose -351 = -0*m - 3*m. What is the greatest common divisor of m and q?
13
Let t = -1 - 5. Let m be ((-6)/t)/(2/6). Suppose j - m = 1. Calculate the highest common divisor of 1 and j.
1
Let f be 27 - (3 + -2) - 0. Calculate the highest common divisor of 13 and f.
13
Let u(g) = g**2 + g - 8. Let d be u(-5). What is the greatest common factor of d and 96?
12
Suppose c = 2*o + 8, -44 = -0*c - 3*c - 4*o. Let a be -1*8*(-1 + (3 - 8)). What is the greatest common factor of c and a?
12
Suppose 0 = -0*b - 3*b + 132. What is the greatest common divisor of 4 and b?
4
Let f = 8 + -1. Let m(h) = -5*h. Let i be m(-2). Let v = 11 + i. Calculate the highest common factor of f and v.
7
Let n(g) = -g**2 - 10*g - 2. Let l be n(-6). Let r(t) = 32*t**3 + t**2. Let h be r(1). What is the highest common factor of h and l?
11
Let m(s) = 2*s**2 + 6*s + 4. Let u be m(-5). Calculate the highest common factor of u and 8.
8
Let u be (11 - 4) + 4 - 8/2. What is the greatest common divisor of 49 and u?
7
Let w = 3 + -1. Calculate the greatest common divisor of 3 and w.
1
Let l(i) = -i**2 - 2*i. Let p be l(2). Let j = 7 - p. Let n = 10 - -20. Calculate the greatest common divisor of n and j.
15
Let v = 3 - -5. Let h be (20 + 2)/(2/v). Calculate the greatest common factor of h and 11.
11
Let a = -2 - -1. Let o(l) = -2*l**2 - 1 + 10*l**2 + 17*l**2 - l. Let x be o(a). What is the greatest common factor of x and 10?
5
Suppose -4*h + a = -a - 66, 19 = h - 3*a. Let g be 3*(-2 - (-9 - 1)). Calculate the highest common divisor of h and g.
8
Let a(v) = 8*v**2 - 3*v - 3. Let y be a(-2). Let b = -179 - -193. What is the greatest common divisor of y and b?
7
Suppose 2*w + 3*k - 546 = 0, 4*w + k - 1084 = -k. Calculate the greatest common factor of w and 45.
45
Suppose -3 = -20*y + 17*y. What is the highest common divisor of y and 7?
1
Let a be (-23)/(-2) - 8/(-16). Suppose a = 3*v - 108. What is the highest common factor of v and 5?
5
Let o = 37 - 21. Suppose -3*s - 37 = -3*t + 2*s, -4*t + 5*s + 41 = 0. Calculate the highest common factor of t and o.
4
Let l = 5 + 2. What is the highest common divisor of l and 21?
7
Let o be ((-2)/(-5))/((-6)/15) + 109. What is the greatest common factor of 27 and o?
27
Let w = 8 - 5. Suppose v + 0 = w. What is the greatest common factor of v and 21?
3
Let x = -4 - -9. Suppose x*y = 5*l - 150, 2*l + 2*y - 150 = -3*l. Calculate the highest common factor of l and 6.
6
Let m = 11 + -4. Suppose -2*u + 6*u = 4. What is the highest common factor of m and u?
1
Let x = 310 - 167. Let o = -28 + 41. Calculate the greatest common factor of x and o.
13
Let j(s) = -3*s - 6. Let w be j(-5). Let a be 15 - 2/((-6)/w). What is the highest common divisor of a and 36?
18
Let x = 0 + 10. Suppose 0 = 4*h - 0*z - 4*z - 88, 2*z = 3*h - 64. What is the greatest common factor of h and x?
10
Let c(o) = o**3 - o + 2. Let k be c(2). What is the greatest common factor of k and 56?
8
Let n be -7*24/(-3) - -2. Suppose n + 37 = a. What is the highest common divisor of 19 and a?
19
Suppose -4*r + 15 = -1. Let j = -29 + 13. Let d = 0 - j. What is the greatest common divisor of d and r?
4
Suppose 147 = 4*k + 347. Let q be k/(-6) - (-2)/(-6). Let z be (q*2)/((-14)/(-21)). Calculate the greatest common factor of 8 and z.
8
Suppose 0 = -24*l + 29*l - 40. Calculate the greatest common divisor of 8 and l.
8
Let r be 3*1 - (-19 + 20). Calculate the greatest common factor of r and 22.
2
Let q(n) = n**2 + 7*n + 6. Let j be q(-6). Suppose j*h + 17 = h. Calculate the highest common factor of h and 153.
17
Suppose 2*n - 2*l = 4*n - 72, 0 = -n + l + 26. Calculate the highest common factor of n and 31.
31
Let v be (-2)/(-6) + (-1085)/(-93). Calculate the greatest common factor of 108 and v.
12
Suppose 98 = q - 0*q. Let f be ((-448)/48)/((-4)/6). What is the greatest common divisor of q and f?
14
Let z = -63 - -132. Let c(v) = v**3 - 8*v**2 + 12*v - 12. Let k be c(7). Calculate the highest common divisor of z and k.
23
Let m(f) = 3. Let a(y) = -y - 13. Let r(c) = -2*a(c) - 9*m(c). Let b be r(7). What is the highest common divisor of 143 and b?
13
Let d = -302 + 540. Let f = d + -106. What is the greatest common factor of f and 22?
22
Let d = -6 + 14. What is the highest common 